
9
Suppose -2*a + 24 - 2 = 0. What is the greatest common factor of a and 33?
11
Let a = 17 - 1. Let y(n) = -n**2 - 17*n - 28. Let c be y(-13). Calculate the greatest common factor of a and c.
8
Let u(w) = w - 12. Let r be u(10). Let l be 2 - (1*46)/r. Suppose 4*o = 5*j - o - 95, -l = -5*o. What is the greatest common divisor of 8 and j?
8
Suppose -5*x - 4 = -x. Let w be -35*(x - 9/(-15)). What is the greatest common divisor of 112 and w?
14
Suppose -3*p = -5*b + 76, -p - p = 4*b - 52. Let k(t) = b*t**2 + 13*t**2 - 2 + 1 - t. Let o be k(2). Calculate the highest common divisor of o and 15.
15
Let c(i) = 26*i**2 - 3*i + 2. Let r be c(-3). Suppose 7*o = 2*o + r. Let j = 4 + 3. Calculate the highest common divisor of j and o.
7
Suppose -4*f + 78 = 2*y + y, -4*f - y + 82 = 0. What is the highest common factor of f and 3?
3
Suppose -4*b - 5*z + 32 = 0, -2*z + 11 = b - 0*z. Calculate the greatest common factor of 2 and b.
1
Suppose 0 = -2*j - 0*j + 14. Let c be j + -6 + 45 + -1. Let o = -18 + 33. Calculate the highest common divisor of c and o.
15
Suppose 2*g - 41 = 4*d - 13, -100 = -5*g + 4*d. Let n(s) = -47*s**3 - s. Let v be n(-1). What is the highest common factor of v and g?
24
Let u = 31 - 13. Let w(y) = 3*y**2 - y + 1. Let z be w(1). Let b be 4/(-6) + 20/z. What is the greatest common divisor of b and u?
6
Suppose 0 = -3*u + 6*u - 15. What is the greatest common factor of 20 and u?
5
Let n(y) = y**3 - 6*y**2 + 9*y + 9. Let z be n(4). Calculate the highest common factor of 221 and z.
13
Suppose 0*n = 4*o + 2*n - 10, 0 = -4*o - 5*n + 25. Suppose o = 2*l + 11 - 3. Let d be (-258)/(-9) + l/6. What is the highest common divisor of 42 and d?
14
Suppose 2*h = 167 + 9. Suppose 3*n + 2*v = 68, n + 3*v = 2*n - 19. What is the highest common divisor of n and h?
22
Suppose 9 = 4*z - 7. Suppose 2*r = 7 + 3. Suppose 77 = r*g - k - 32, 3*g - 62 = z*k. What is the highest common factor of g and 55?
11
Let j(h) = 22*h**2 - 4*h + 4. Let v be j(1). Calculate the greatest common factor of v and 154.
22
Suppose -48 = -33*t + 29*t. Calculate the greatest common factor of t and 168.
12
Suppose 3*y + 90 = 4*l, 6*y - 3*y = -3*l + 57. Calculate the greatest common divisor of l and 3.
3
Let b(s) = -59*s - 37. Let g be b(-1). Suppose 4*m - 120 = 3*z, 0*m + 2*m - 46 = 5*z. What is the greatest common factor of g and m?
11
Let w(u) = 33*u**2 + 6*u - 3. Let i be w(-5). Suppose 6*r - 2*r - i = 0. Calculate the highest common divisor of r and 18.
18
Suppose -2*n + 16 = -0*n. What is the highest common divisor of n and 88?
8
Suppose 0*q + 6*q - 48 = 0. What is the greatest common divisor of q and 8?
8
Suppose 0 = 5*q - 97 - 108. Suppose -q = -5*f + 49. Calculate the highest common factor of 3 and f.
3
Suppose 5*w - 19 = 26. What is the highest common divisor of w and 9?
9
Let b = 11 + -7. Calculate the highest common divisor of 28 and b.
4
Suppose 0 = 5*m + 2*s - 378, -4*m - 4*s = -3*s - 300. What is the highest common factor of m and 37?
37
Let m(f) = -12*f + 8. Let h be m(-6). Suppose -4*i + h = -2*i. What is the highest common factor of i and 8?
8
Let b = 2 - 0. Let z = 2 + b. What is the highest common factor of z and 20?
4
Suppose 0 = -4*w - 0*w + 24. Let c = w + 0. Calculate the highest common divisor of 66 and c.
6
Let m = 104 - 52. What is the highest common factor of m and 13?
13
Let a be -3 - (1 + 0 + -56). What is the greatest common factor of 13 and a?
13
Let q = 22 + -18. What is the highest common divisor of q and 4?
4
Let y be ((-174)/(-2) - -1) + 0. Let m be ((9/(-3))/9)/(5/(-165)). What is the greatest common factor of m and y?
11
Let g = -25 - -39. Let h(m) = m**3 + 9*m**2 + 14*m + 21. Let i be h(-7). Calculate the greatest common factor of g and i.
7
Let j(f) = -17*f - 25. Let m be j(-2). Let v(p) = p**2. Let h be v(-3). What is the highest common divisor of h and m?
9
Suppose 6*z = 9 + 111. What is the highest common factor of 5 and z?
5
Let f be (-34)/(-1) + 12/(4 - -2). What is the greatest common divisor of f and 90?
18
Suppose 110 = 7*k - 2*k + 5*x, -k + 5*x + 34 = 0. Calculate the highest common factor of k and 96.
24
Let d = 8 + 9. Calculate the highest common factor of 136 and d.
17
Let x(i) = i**3 + 5*i**2 - 5*i - 6. Let r be x(-4). What is the highest common divisor of r and 120?
30
Let g = 7 - 4. What is the greatest common factor of g and 21?
3
Let b = -18 - -29. Suppose -26 = -5*j - b. What is the greatest common factor of j and 15?
3
Let r be (4/10)/((-1)/10). Let i(p) = -p**2 - 5*p - 1. Let w be i(-5). Let a = w - r. What is the greatest common divisor of a and 3?
3
Suppose -x + 14 = -5*s, -3*x + 2*s + 3*s = -32. Suppose 0 = 4*u + x - 33. Suppose -u*n + 3*n = -66. Calculate the greatest common factor of n and 2.
2
Suppose -3*n + 6 + 5 = a, a + 5*n - 5 = 0. Let j be (-16)/(2 - a/8). Let f be 2/(-7) + 58/7. What is the greatest common divisor of f and j?
8
Let s = -83 + 228. Calculate the highest common factor of 58 and s.
29
Suppose -z = -19 - 13. Calculate the highest common divisor of z and 96.
32
Suppose 0 = -2*n - 5*h - 15, 0 = -h - 6 + 3. Suppose -180 = -5*q - n*q. Let d = 28 - 19. What is the greatest common factor of d and q?
9
Let l be (-5)/(-2) + (-2)/(-4). Suppose 4*m - l*m = 2. Suppose -m*f + 26 - 8 = 0. What is the highest common divisor of 81 and f?
9
Let y be 1/(-1) + 0 + 0. Suppose -4*s - 455 = 245. Let i be -1 + y + 3 - s. Calculate the greatest common divisor of 16 and i.
16
Let r be (63/12)/(-7) - 609/(-28). What is the greatest common factor of 3 and r?
3
Suppose -4*v - 2*d = 0, -v - 2*d + 3 = -3*d. Let m be (12 - 3/1)*v. Suppose 3*t = -0 + m. Calculate the highest common factor of t and 27.
3
Suppose -2 = -4*c + 6*c + 4*r, r - 10 = -2*c. What is the highest common divisor of 1 and c?
1
Let c = 12 - 10. Suppose 3*f - 8*f + 120 = 4*l, 2*l + 30 = c*f. Calculate the highest common factor of 8 and f.
4
Let u be -3 + 1 - 3/(-3). Let a be (-2)/4*(u + 1). Suppose 0 = 4*m - a*m - 352. Calculate the greatest common divisor of 11 and m.
11
Suppose 14 - 4 = -2*f. Let y = -2 - f. Suppose y*m - 22 = 2. Calculate the highest common factor of m and 8.
8
Let l(y) = -y**3 + 6*y**2 + y - 3. Let x be l(6). Let j be (-2)/(-5) - (-8)/5. Suppose -x*i - j*i = -120. What is the greatest common divisor of 216 and i?
24
Let f be (-1393)/(-28) + (-1)/(-4). Let i = 12 - 2. What is the highest common factor of f and i?
10
Suppose -21 = -5*b + 59. Let t be (0 + -4)/(1/(-32)*2). Calculate the greatest common factor of t and b.
16
Suppose -5*u - 2*w = -150, -4*u + 5*w + 83 + 4 = 0. What is the highest common divisor of 140 and u?
28
Suppose -144 - 45 = -9*j. Calculate the greatest common factor of 3 and j.
3
Suppose -2*m + 2*a = -20, -4*m + 20 - 4 = 2*a. What is the highest common factor of m and 24?
6
Let n(g) = 8*g - 5. Suppose 0 = y + y - 20. Let z be n(y). What is the greatest common divisor of z and 15?
15
Let s be (2*5 - 0) + (-21 - -17). Let t be 37/4 + (-1)/4. Calculate the highest common factor of s and t.
3
Let d be 62/279 - (172/18)/(-2). Let m be (-1)/(1 + 26/(-25)). Calculate the highest common divisor of m and d.
5
Let w(c) = 252*c + 7. Let x be w(12). Let l be x/21 - (-2)/(-6). Calculate the highest common divisor of l and 18.
18
Suppose 4*t + 2*h = -6, -t - 3*h = -6*h - 9. Let r(w) = -1 - 5*w + 5 + t*w. Let m be r(-7). What is the highest common divisor of m and 26?
13
Let r be 2/8 + 6/8. Let x = -18 + 19. Let z = r + x. What is the highest common divisor of z and 2?
2
Let q(l) = -5*l + 6. Let i be q(-5). Calculate the greatest common factor of 341 and i.
31
Let q = -54 - -123. Calculate the greatest common factor of q and 46.
23
Suppose -5*a = -5*r + 300, -3*a = 3*r - 5*a - 183. What is the highest common divisor of 7 and r?
7
Suppose -12*g + 54 = -3*g. What is the greatest common divisor of g and 2?
2
Let a = -17 - 13. Let w = a - -21. Let n = w - -15. Calculate the highest common divisor of 42 and n.
6
Suppose 3*b = 2*d + 35, 2*b - 4 = -d + 17. What is the greatest common divisor of 121 and b?
11
Let r be ((-7)/3)/(((-117)/54)/13). Calculate the greatest common divisor of 119 and r.
7
Let h be 19 + (-3 - 4/(-2)) - -3. Calculate the greatest common factor of 14 and h.
7
Let l(o) = -o**3 - 2*o**2 + 7. Let b(c) = c + 1. Let a(t) = -3*b